 60589 composite?
False
Is 7603 a composite number?
False
Is 2293 a prime number?
True
Is 41879 composite?
False
Is 29459 composite?
True
Is 11789 composite?
False
Is 215299 a prime number?
False
Is 7393 a composite number?
False
Is 5854 a composite number?
True
Is 20469 a composite number?
True
Is 13595 prime?
False
Is 230665 prime?
False
Is 803653 composite?
True
Is 17371 a prime number?
False
Is 65818 composite?
True
Is 166013 prime?
True
Is 119959 a composite number?
True
Is 63913 prime?
True
Is 19531 a composite number?
False
Is 136763 composite?
True
Is 38323 a prime number?
False
Is 2081 composite?
False
Is 265003 a composite number?
False
Is 5027 composite?
True
Is 1525561 a composite number?
False
Is 68437 prime?
True
Is 442607 prime?
False
Is 35599 prime?
False
Is 132695 prime?
False
Is 33377 a prime number?
True
Is 262433 composite?
False
Is 61121 composite?
False
Is 1457 composite?
True
Is 2581 a prime number?
False
Is 107309 composite?
False
Is 2671 a composite number?
False
Is 226337 composite?
False
Is 939 a composite number?
True
Is 286813 a prime number?
True
Is 392039 prime?
False
Is 15089 composite?
True
Is 15439 composite?
False
Is 83089 composite?
False
Is 1279 a prime number?
True
Is 139021 a prime number?
True
Is 210257 a prime number?
True
Is 439003 prime?
False
Is 116069 prime?
False
Is 112165 prime?
False
Is 133649 a composite number?
False
Is 12634 prime?
False
Is 70469 a composite number?
True
Is 358945 a composite number?
True
Is 104107 prime?
True
Is 305389 prime?
False
Is 86087 a prime number?
False
Is 1389871 a composite number?
True
Is 73703 prime?
False
Is 205201 composite?
False
Is 7901 prime?
True
Is 93343 prime?
False
Is 47351 prime?
True
Is 150322 a composite number?
True
Is 458701 composite?
False
Is 26309 composite?
False
Is 143087 a composite number?
True
Is 4659269 a prime number?
False
Is 3317249 prime?
False
Is 8441 composite?
True
Is 53893 a composite number?
True
Is 216809 a composite number?
True
Is 1862981 composite?
False
Is 19289 a composite number?
False
Is 2712031 a prime number?
False
Is 272903 a composite number?
False
Is 19741 composite?
True
Is 186302 prime?
False
Is 4637 prime?
True
Is 985313 a composite number?
True
Is 31555 a composite number?
True
Is 4177 prime?
True
Is 2088703 a prime number?
True
Is 93971 prime?
True
Is 64339 a composite number?
True
Is 379217 prime?
False
Is 150383 prime?
True
Is 9491 a prime number?
True
Is 205363 a prime number?
False
Is 6437 prime?
False
Is 69109 a composite number?
False
Is 7262 composite?
True
Is 20863 a prime number?
False
Is 421463 a prime number?
False
Is 127 a composite number?
False
Is 166153 a composite number?
True
Is 400747 a composite number?
True
Is 3506 a prime number?
False
Is 580373 composite?
False
Is 1272065 prime?
False
Is 11909 a composite number?
False
Is 93257 composite?
False
Is 6329 a prime number?
True
Is 110991 a prime number?
False
Is 1283 a composite number?
False
Is 30133 a prime number?
True
Is 75011 a prime number?
True
Is 152063 a prime number?
True
Is 60778 a composite number?
True
Is 120011 a composite number?
False
Is 2483 a prime number?
False
Is 397 a prime number?
True
Is 4721 prime?
True
Is 69295 a prime number?
False
Is 6121 a prime number?
True
Is 684638 a prime number?
False
Is 214849 composite?
False
Is 3261 a composite number?
True
Is 624041 a prime number?
False
Is 2707 a prime number?
True
Is 675853 a composite number?
True
Is 3409 a prime number?
False
Is 456367 a prime number?
True
Is 117778 a composite number?
True
Is 3389 composite?
False
Is 601943 prime?
True
Is 324517 composite?
False
Is 653405 a prime number?
False
Is 1682597 prime?
False
Is 50889 prime?
False
Is 600349 composite?
True
Is 48199 a prime number?
False
Is 81319 prime?
False
Is 115487 a prime number?
False
Is 47431 a prime number?
True
Is 6889 prime?
False
Is 13801 prime?
False
Is 35491 a prime number?
True
Is 907 prime?
True
Is 13001 a prime number?
True
Is 382919 prime?
True
Is 517453 prime?
False
Is 7711 prime?
False
Is 11797 a prime number?
False
Is 27847 prime?
True
Is 110347 a composite number?
True
Is 2511505 prime?
False
Is 23887 a prime number?
True
Is 86015 prime?
False
Is 80169 composite?
True
Is 714341 composite?
False
Is 21403 a prime number?
False
Is 56141 a composite number?
True
Is 1187 a composite number?
False
Is 28673 composite?
True
Is 27505 a composite number?
True
Is 125591 a composite number?
False
Is 5381 prime?
True
Is 3817 a composite number?
True
Is 251387 composite?
False
Is 3964881 a prime number?
False
Is 29077 composite?
False
Is 6541 composite?
True
Is 249059 a composite number?
False
Is 218539 a composite number?
True
Is 12283 a prime number?
False
Is 55191 composite?
True
Is 375553 a prime number?
True
Is 290153 prime?
False
Is 25054 a composite number?
True
Is 6805 composite?
True
Is 21531 composite?
True
Is 18329 a composite number?
False
Is 807371 prime?
True
Is 484361 a prime number?
True
Is 952715 a prime number?
False
Is 34753 composite?
True
Is 80533 composite?
True
Is 6491 a prime number?
True
Is 19253 a composite number?
True
Is 1747529 composite?
True
Is 86131 a prime number?
True
Is 810949 a composite number?
False
Is 731213 a prime number?
False
Is 58943 a prime number?
True
Is 53281 prime?
True
Is 22739 composite?
False
Is 709 a composite number?
False
Is 5261 prime?
True
Is 475823 a prime number?
True
Is 31235 prime?
False
Is 22229 prime?
True
Is 381 prime?
False
Is 32117 a prime number?
True
Is 57919 a prime number?
False
Is 1149737 composite?
False
Is 1655 composite?
True
Is 649457 a prime number?
True
Is 2737621 prime?
False
Is 6535 a composite number?
True
Is 165853 a composite number?
True
Is 75641 composite?
False
Is 564917 prime?
True
Is 1383977 a composite number?
True
Is 23169 a prime number?
False
Is 22549 prime?
True
Is 28973 a composite number?
True
Is 59839 a composite number?
True
Is 450287 prime?
True
Is 6313 prime?
False
Is 22069 a composite number?
True
Is 5069 a prime number?
False
Is 37333 a prime number?
False
Is 337081 a prime number?
True
Is 10351 prime?
False
Is 94421 composite?
False
Is 5779 prime?
True
Is 17273 a prime number?
False
Is 781111 a prime number?
True
Is 23513 prime?
False
Is 2327933 a composite number?
False
Is 609001 prime?
False
Is 101617 a composite number?
True
Is 413521 composite?
False
Is 1893 a composite number?
True
Is 8737 a composite number?
False
Is 1163 a composite number?
False
Is 83705 composite?
True
Is 15395 a prime number?
False
Is 29567 prime?
True
Is 8419 a composite number?
False
Is 84499 a composite number?
False
Is 67739 a composite number?
True
Is 51559 prime?
False
Is 28349 composite?
False
Is 4393 a composite number?
True
Is 437941 prime?
False
Is 1639 a composite number?
True
Is 156817 composite?
False
Is 3989 a composite number?
False
Is 18931 prime?
False
Is 175333 composite?
False
Is 166457 a prime number?
True
Is 72031 prime?
True
Is 29941 a prime number?
False
Is 430841 composite?
False
Is 2157 composite?
True
Is 1038421 prime?
True
Is 23413 a prime number?
False
Is 972721 a prime number?
True
Is 6077 prime?
False
Is 15959 a prime number?
True
Is 8849 a composite number?
False
Is 75214 a composite number?
True
Is 15989 prime?
False
Is 6029 prime?
True
Is 801854 composite?
True
Is 15913 composite?
False
Is 627637 prime?
True
Is 5167 composite?
False
Is 51257 a composite number?
False
Is 4331 a prime number?
False
Is 16823 prime?
True
Is 247403 a composite number?
True
Is 9587 prime?
True
Is 124619 a prime number?
False
Is 17587 a composite number?
True
Is 1203077 a prime number?
True
Is 2633 composite?
False
Is 12061 a composite number?
True
Is 2977 composite?
True
Is 624181 composite?
True
Is 6673 prime?
True
Is 2237705 a composite number?
True
Is 365903 a composite number?
False
Is 51257 composite?
False
Is 19369 a prime number?
False
Is 5027 a composite number?
True
Is 3873333 a composite number?
True
Is 13033 composite?
False
Is 603203 composite?
False
Is 50497 prime?
True
Is 422137 composite?
False
Is 22805 a composite number?
True
Is 1466999 a prime number?
True
Is 115673 composite?
True
Is 63419 composite?
False
Is 1082 a composite number?
True
Is 465469 a prime number?
True
Is 3482 a prime number?
False
I